 25 divide 18947?
False
Does 13 divide 352504?
False
Is 784 a factor of 324576?
True
Is 4740038 a multiple of 7?
False
Is 236732 a multiple of 10?
False
Is 519 a factor of 3492429?
False
Does 52 divide 32843?
False
Does 15 divide 148725?
True
Does 82 divide 19504?
False
Is 4320210 a multiple of 897?
False
Is 8 a factor of 146280?
True
Is 176 a factor of 602272?
True
Does 97 divide 917518?
False
Is 123949 a multiple of 38?
False
Is 137418 a multiple of 6?
True
Is 134 a factor of 706742?
False
Is 10656938 a multiple of 167?
True
Is 762579 a multiple of 3?
True
Is 371497 a multiple of 727?
True
Is 17248896 a multiple of 288?
True
Is 27 a factor of 40095?
True
Is 262 a factor of 29344?
True
Does 12 divide 71460?
True
Does 59 divide 660918?
True
Is 11442 a multiple of 31?
False
Is 2871479 a multiple of 24?
False
Does 2 divide 438440?
True
Is 514 a factor of 9962348?
True
Is 184 a factor of 17823708?
False
Is 4537601 a multiple of 23?
True
Is 8 a factor of 1681476?
False
Is 1878192 a multiple of 72?
True
Is 9 a factor of 5637897?
True
Is 9250 a multiple of 346?
False
Does 10 divide 4010?
True
Is 399420 a multiple of 180?
True
Is 708129 a multiple of 365?
False
Is 150975 a multiple of 225?
True
Is 143 a factor of 5561896?
False
Is 303005 a multiple of 15?
False
Is 30 a factor of 1352778?
False
Is 399 a factor of 2974545?
True
Is 7756864 a multiple of 64?
True
Does 29 divide 2468594?
False
Is 27626 a multiple of 19?
True
Is 11 a factor of 12353671?
True
Is 829996 a multiple of 484?
False
Is 37 a factor of 16818483?
False
Is 7 a factor of 405573?
True
Does 338 divide 83486?
True
Is 16 a factor of 683728?
True
Is 26711 a multiple of 12?
False
Is 4734990 a multiple of 117?
True
Is 213 a factor of 7158717?
True
Is 33 a factor of 2214070?
False
Is 3720241 a multiple of 718?
False
Does 36 divide 1468647?
False
Is 189 a factor of 142317?
True
Is 101 a factor of 327962?
False
Is 68 a factor of 255831?
False
Is 17 a factor of 437885?
False
Does 732 divide 4234693?
False
Does 16 divide 332688?
True
Does 28 divide 5115320?
True
Is 3014464 a multiple of 19?
True
Is 10 a factor of 408519?
False
Is 53 a factor of 1614237?
False
Is 13 a factor of 183359?
False
Does 5 divide 6191640?
True
Is 1073501 a multiple of 13?
True
Does 1176 divide 2668887?
False
Is 1656583 a multiple of 373?
False
Is 1035963 a multiple of 459?
True
Is 366225 a multiple of 56?
False
Does 3 divide 234679?
False
Is 4492401 a multiple of 151?
True
Is 5 a factor of 267979?
False
Does 7 divide 22043?
True
Is 18 a factor of 175410?
True
Does 115 divide 310730?
True
Is 428025 a multiple of 249?
False
Does 10 divide 312050?
True
Is 5 a factor of 246249?
False
Is 87 a factor of 15143771?
False
Does 10 divide 364090?
True
Does 96 divide 1189344?
True
Does 139 divide 116204?
True
Does 109 divide 90906?
True
Does 10 divide 2508860?
True
Is 7 a factor of 33888?
False
Is 74 a factor of 1244236?
True
Is 121 a factor of 925970?
False
Is 6978788 a multiple of 75?
False
Is 7208180 a multiple of 70?
True
Is 12 a factor of 183815?
False
Is 87860 a multiple of 28?
False
Is 4392 a multiple of 3?
True
Is 65340 a multiple of 27?
True
Is 145 a factor of 2335225?
True
Does 45 divide 132814?
False
Is 7314452 a multiple of 9?
False
Is 8003848 a multiple of 8?
True
Is 32 a factor of 2080?
True
Is 1505279 a multiple of 2?
False
Does 49 divide 5325467?
True
Is 20 a factor of 1725799?
False
Is 50 a factor of 149423?
False
Is 701 a factor of 1842874?
False
Does 24 divide 730483?
False
Does 12 divide 671556?
True
Does 1087 divide 209951?
False
Is 215 a factor of 960179?
False
Is 324984 a multiple of 22?
True
Does 18 divide 431154?
True
Is 51 a factor of 195432?
True
Does 52 divide 296675?
False
Is 3592139 a multiple of 206?
False
Does 1152 divide 13412736?
True
Is 225930 a multiple of 30?
True
Is 530 a factor of 502050?
False
Does 54 divide 13986?
True
Is 33007 a multiple of 13?
True
Does 72 divide 5529096?
True
Is 19111 a multiple of 29?
True
Is 474 a factor of 1730409?
False
Does 119 divide 575008?
True
Does 68 divide 220600?
False
Is 65 a factor of 6057935?
True
Is 10 a factor of 206150?
True
Does 130 divide 1494610?
True
Is 115 a factor of 30429690?
True
Is 479764 a multiple of 222?
False
Is 791 a factor of 223297?
False
Is 98298 a multiple of 43?
True
Is 2688 a multiple of 6?
True
Does 111 divide 14221653?
True
Is 42 a factor of 1891092?
True
Is 575212 a multiple of 68?
True
Does 61 divide 451034?
True
Is 139174 a multiple of 49?
False
Is 1731617 a multiple of 16?
False
Does 62 divide 175393?
False
Is 23 a factor of 962365?
False
Is 928350 a multiple of 211?
False
Is 494720 a multiple of 224?
False
Does 348 divide 901320?
True
Is 23 a factor of 375843?
True
Does 18 divide 81510?
False
Is 2156654 a multiple of 463?
True
Is 353 a factor of 278990?
False
Is 4 a factor of 9507?
False
Does 36 divide 653809?
False
Does 260 divide 831480?
True
Is 1341739 a multiple of 193?
False
Is 81020 a multiple of 8?
False
Does 466 divide 8128904?
True
Is 18771136 a multiple of 122?
False
Does 68 divide 555220?
True
Does 2 divide 359?
False
Is 22052 a multiple of 37?
True
Does 131 divide 3803585?
True
Does 77 divide 247324?
True
Does 16 divide 286978?
False
Does 39 divide 6630?
True
Does 5 divide 1117437?
False
Does 51 divide 1510212?
True
Is 924939 a multiple of 171?
True
Is 992 a factor of 1547665?
False
Is 141 a factor of 104904?
True
Is 6 a factor of 202196?
False
Is 158457 a multiple of 13?
True
Is 16828120 a multiple of 58?
True
Is 142 a factor of 237517?
False
Is 11 a factor of 1410931?
False
Does 142 divide 611199?
False
Is 40 a factor of 50709?
False
Is 39 a factor of 1089305?
False
Is 213 a factor of 2175582?
True
Is 182 a factor of 3813992?
True
Is 5 a factor of 280210?
True
Is 269310 a multiple of 47?
True
Does 7 divide 22246?
True
Is 767924 a multiple of 48?
False
Does 491 divide 441409?
True
Is 10085094 a multiple of 54?
True
Is 22974 a multiple of 150?
False
Is 10100639 a multiple of 807?
False
Does 21 divide 17052?
True
Is 673507 a multiple of 86?
False
Is 119478 a multiple of 118?
False
Does 26 divide 887692?
True
Is 32 a factor of 62112?
True
Is 439625 a multiple of 125?
True
Is 6304700 a multiple of 5?
True
Is 665550 a multiple of 425?
True
Is 148365 a multiple of 63?
True
Is 1452684 a multiple of 102?
True
Is 371098 a multiple of 41?
False
Does 11 divide 258180?
False
Is 2407696 a multiple of 24?
False
Does 31 divide 46690?
False
Is 49036 a multiple of 193?
False
Is 21 a factor of 22281?
True
Is 5926158 a multiple of 294?
True
Is 203 a factor of 156513?
True
Is 309374 a multiple of 163?
True
Is 131 a factor of 135376?
False
Is 14 a factor of 68690?
False
Is 120160 a multiple of 19?
False
Is 141434 a multiple of 41?
False
Is 55 a factor of 8035940?
True
Does 790 divide 417028?
False
Does 18 divide 184302?
True
Is 243330 a multiple of 6?
True
Does 24 divide 37382?
False
Does 1461 divide 14482270?
False
Does 484 divide 907016?
True
Does 13 divide 1570556?
True
Does 29 divide 1390521?
True
Is 100 a factor of 105100?
True
Does 298 divide 1462634?
False
Is 29 a factor of 9579367?
True
Is 16 a factor of 2094320?
True
Is 6701 a multiple of 27?
False
Is 81 a factor of 3835107?
True
Is 15 a factor of 485510?
False
Is 1704215 a multiple of 545?
True
Does 11 divide 977648?
False
Is 65 a factor of 19989?
False
Does 528 divide 1187472?
True
Is 280 a factor of 801640?
True
Does 26 divide 3293567?
False
Is 1363199 a multiple of 20?
False
Does 5 divide 2291575?
True
Is 47 a factor of 542897?
True
Is 12 a factor of 13148783?
False
Does 6 divide 986087?
False
Is 2824377 a multiple of 22?
False
Does 6 divide 113538?
True
Does 174 divide 30450?
True
Does 118 divide 2452278?
False
Is 29 a factor of 123105?
True
Is 11 a factor of 407440?
True
Is 40 a factor of 141085?
False
Is 808 a factor of 4642000?
False
Does 597 divide 5825292?
False
Does 155 divide 4758345?
True
Does 46 divide 7821242?
True
Is 355352 a multiple of 62?
False
Is 7071185 a multiple of 1549?
True
Is 121441 a multiple of 29?
False
Does 10 divide 15717185?
False
Is 6606469 a multiple of 16?
False
Is 12 a factor of 15254612?
False
Is 124842 a multiple of 93?
False
Is 6 a factor of 635712?
True
Does 23 divide 10088743?
True
Is 759 a factor of 17428917?
True
Does 3 divide 1042